at is the highest common divisor of y and 247?
19
Let r = 435 + -362. Suppose -2*m + r = -179. What is the greatest common factor of 14 and m?
14
Let m(r) = 100*r**3 - r**2 + 96*r - 638. Let h be m(6). What is the highest common divisor of h and 52?
26
Let s = -1254 - -1258. Let y(d) = -8*d - 4. Let f be y(-5). Let o = f - 22. Calculate the greatest common divisor of s and o.
2
Let d(w) = 15*w - 27. Let a(k) = k**2 + 7*k - 9. Let c be a(3). Let i be (24/14)/(3/c). Let p be d(i). Calculate the highest common divisor of p and 17.
17
Let g(u) = -2*u**3 + 116*u**2 + 406*u - 23527. Let l be g(58). Let j = 143 - -11. Calculate the greatest common factor of j and l.
7
Suppose 1956 = -167*f + 500*f - 375. Suppose 6*x - 4*i = x + 1350, -x - 3*i + 251 = 0. Calculate the highest common factor of x and f.
7
Let p be (0 - -23 - -117)*41. What is the greatest common factor of 140 and p?
140
Suppose 2*n - 24 = 3*f, -20*f + 99 = 5*n - 21*f. Let b = 27 - -29. What is the highest common divisor of n and b?
7
Let u = -3005 + 3089. Let g(d) = -d**3 - 13*d**2 - 17*d - 11. Let w be g(-13). Calculate the greatest common factor of w and u.
42
Let l be (-25)/125 + 3/((-60)/(-164)). Calculate the greatest common factor of l and 1192.
8
Suppose u = -68 + 102. Suppose -u = -11*z + 32. What is the highest common divisor of z and 48?
6
Let k = 786 + -792. Let b be (91 - k) + 14/2. Suppose 0 = -2*a + 13 + 3. Calculate the highest common divisor of a and b.
8
Let x be ((-259)/(-2))/(-7)*-14. Suppose 0 = -12*n + 137 + 307. What is the greatest common factor of n and x?
37
Let p(f) = 2*f**2 + 246*f - 1480. Let y be p(-130). What is the greatest common factor of y and 2125?
85
Let q(z) = 20*z + 46. Let k be q(-2). Let p be ((-136)/k)/((-14)/21). What is the highest common divisor of p and 238?
34
Let v(m) = -m**2 - 484*m - 10583. Let c be v(-23). Let z(d) = 45*d**2. Let u be z(-2). Calculate the greatest common factor of u and c.
20
Let x = 40830 + -40808. Let v(o) = 18*o**2 - o + 2. Let c be v(4). Calculate the highest common factor of x and c.
22
Let n = -21970 + 22330. Calculate the greatest common factor of n and 126.
18
Let m be (-3)/(-9) + 6/9. Suppose 2 + m = 3*i. Let x(o) = -o**3 + 9*o**2 - 17*o + 79. Let u be x(8). Calculate the greatest common factor of i and u.
1
Suppose -3*j = 4*g - 115, -5*g = -4*g - 5*j. Suppose 10*f + 45 = g*f. Let t(n) = -n**3 + 2*n**2. Let y be t(1). Calculate the highest common factor of y and f.
1
Let i be (-9)/(-2) - 4/(-8). Suppose 0 = 2*w - 0*g + i*g + 2, -5*g = w + 1. Let y be w + (217 - (-2 + -2)). What is the greatest common factor of y and 20?
20
Suppose 3*i + 3*g = -3 + 57, -4 = -2*g. What is the highest common divisor of i and 27?
1
Let o be 1045083/91 + 1 + 3 + 39/(-91). What is the greatest common divisor of 32 and o?
32
Let a be 109 + (-2 - -9) + -6. Let v be (-9)/(270/(-24))*a/4. Calculate the highest common divisor of v and 572.
22
Let x(u) = -732*u - 2754. Let t be x(-4). What is the highest common factor of 5162 and t?
58
Let q be -1 - -2 - (-2)/(-2)*-2. Let g be -3 - q/(9/(-282)). What is the greatest common divisor of g and 14?
7
Suppose z = 4*i + 12821, -2*z - 16*i + 25678 = -12*i. What is the highest common factor of z and 939?
313
Let z(n) = n**3 + 13*n**2 + 14*n + 27. Let t be z(-12). Suppose 3*y + 3*j - 105 = 0, t*j - 48 = 5*y - 183. What is the highest common divisor of y and 160?
10
Let z = -19 + 40. Let o(c) = 7*c**2 + 7*c + 21. Suppose a + p + 4*p = 22, -a - 3*p + 12 = 0. Let d be o(a). What is the highest common divisor of d and z?
21
Let j = 3648 + -2199. What is the greatest common divisor of 805 and j?
161
Suppose p = -3*p + 192. Suppose c + 4*v - 212 = 0, -158*v = -c - 160*v + 214. What is the greatest common factor of p and c?
24
Let x(k) = 148*k**2 + 5*k - 6. Let t be x(-2). Calculate the highest common divisor of t and 336.
48
Let f be 0 - (-211 + -7 + 8). Let n = -208 + f. What is the greatest common divisor of 10 and n?
2
Let p = -1501 - -2221. Calculate the highest common divisor of p and 75.
15
Suppose 3*t + 36522 = 2*r - 22048, -117136 = -4*r + 5*t. What is the greatest common factor of r and 19?
19
Suppose -5*q - 2*g = -6114, 4*q = -2*g + 3441 + 1451. What is the greatest common factor of q and 752?
94
Suppose 23*t + 29*t = 512 - 44. Calculate the greatest common divisor of 22257 and t.
9
Let h(i) = 5*i**3 - 2*i**2 + 3*i - 24. Let z be h(4). Let w be (4*24/(-84))/(2/(-21)). Calculate the highest common divisor of z and w.
12
Suppose 43*g = 34*g + 7191. Calculate the highest common factor of 17 and g.
17
Let v(w) = -3*w + 42. Let y be v(14). Suppose 5*a - 10*a + 2*k + 129 = y, 39 = 2*a - 5*k. What is the highest common factor of 63 and a?
9
Let u = 190 - 136. Let j = -65 - -143. Let p = j - u. What is the greatest common divisor of 18 and p?
6
Suppose 0*x - 4*x = 0. Let a be (-1)/(x - 2/4). Suppose -18*v = 30*v - 19*v - 29. Calculate the greatest common factor of a and v.
1
Let v(u) = 899*u - 5108. Let w be v(12). Calculate the greatest common factor of w and 80.
80
Let j(c) = 30*c - 13. Let z be j(1). Suppose z*r = -7*r + 48. Let h be 7/21 + 149/3. What is the highest common divisor of h and r?
2
Let k = 89176 + -89169. Let j(b) = -2 + 5*b**2 - b**2 - 3*b**2. Let d be j(-3). What is the greatest common factor of k and d?
7
Let p = 233 - 228. Suppose 0 = 5*x - p*d - 828 + 113, -3*x + d = -423. What is the highest common divisor of 56 and x?
28
Let f = -65 + 74. Let c be (3 - (-10)/(-4))*10. Suppose -4*b + 3*a = 0, 0 = c*b - 3*a - 0 - 3. What is the highest common divisor of f and b?
3
Suppose 0 = 2*w - 2*j - 54, w = 3*j - j + 31. Let v = 27 + w. Suppose 3*o + 5*n = 70, -v = -4*o + o + 5*n. What is the greatest common factor of 220 and o?
20
Suppose -k + 290 - 94 = -110. What is the greatest common divisor of 3162 and k?
102
Suppose 96 = 4*q - l - 114, -165 = -3*q - 3*l. Let i = q - 55. Let x be (i - (-12)/(-3))/(-2). Calculate the highest common divisor of 12 and x.
3
Suppose -2*k + 3*k - 62 = 0. Let t = k - 62. Let z be (t - 4/8)/((-1)/30). Calculate the highest common factor of z and 3.
3
Let h = -2072 - -2646. Calculate the highest common factor of h and 492.
82
Let t = -8989 + 9011. Calculate the highest common divisor of t and 1859.
11
Suppose 5*c - 4*d - 587 - 952 = 0, 0 = -5*c - 3*d + 1532. Suppose c*j - 296*j - 2079 = 0. Calculate the highest common divisor of 14 and j.
7
Let s be (-2)/(0 - (-1 - -2)). Suppose 2*p - s*m - 526 = -3*p, m = -3. Let y(g) = -1004*g - 978. Let c be y(-1). What is the greatest common divisor of p and c?
26
Let y be -1 - (-133)/((-3)/(-3)). Suppose -16*x = 5 + 11. Let m be -6 + x + -5 + 24. Calculate the greatest common factor of m and y.
12
Let h be (-6 + 7)/((-17)/(-255)). What is the highest common factor of 55 and h?
5
Suppose 88 = 1207*n - 1203*n. What is the highest common factor of n and 180?
2
Let i(d) = -2*d**2 - 9*d - 9. Let s be i(-6). Let g be ((-3)/(s/6))/((-3)/27). Let j be 1625/95 - g/(-57). Calculate the greatest common factor of 187 and j.
17
Suppose -1160613 = 331*l - 10531223. Calculate the highest common divisor of l and 38.
38
Suppose -3*d + 2450 = -916. Suppose -d = -243*n + 237*n. What is the greatest common divisor of 34 and n?
17
Let w(p) = -p**3 + 25*p**2 + 7*p - 168. Let o be w(25). Calculate the highest common factor of 86 and o.
1
Let m = -2627 - -3815. What is the greatest common factor of m and 132?
132
Let d = -38 - -42. Let r(q) = -q**3 + 3*q**2 + 9*q - 5. Let s be r(d). What is the greatest common divisor of 45 and s?
15
Let t(v) = -3*v - 20 - 16*v - 7*v - 4*v**2 + 6*v. Let n be t(-11). Let u = 512 + n. What is the greatest common factor of u and 12?
12
Let r be (50 - 4) + 2 + (1 - 2). Suppose -r*g + 44*g + 429 = 0. What is the greatest common factor of 13 and g?
13
Let t(x) = 5*x**2 + 4*x + 103. Let o be t(-13). Suppose i - 5*u = o, -3*u + 6*u = 0. Calculate the greatest common factor of 56 and i.
56
Suppose -j - 3514*n = -3513*n - 1641, -3*j - 5*n + 4941 = 0. What is the highest common factor of j and 288?
96
Let v be ((-6)/12)/(1129/376 + -3). Let z = v + 190. What is the greatest common factor of z and 14?
2
Let h = -634 - -868. Calculate the greatest common divisor of 858 and h.
78
Let i(y) = -3*y**3 - 10*y**2 - 4*y + 13. Let 